1 - (-3 - -4). Calculate j(s).
4
Let l(a) = a**2 - 7*a - 3. Let i be l(8). Let f(m) = -2*m - 3*m + m**2 + 0*m**2 - 7. What is f(i)?
-7
Let g(k) = -k**2 + 7*k - 4. Let n = 11 + -7. Suppose -6*j + 4*j + 2*v = -2, n*j - v = 10. Calculate g(j).
8
Let t be ((-16)/(-6))/((-2)/(-3)). Let z(a) = a**2 - 3 + 2 + 4*a + t. Calculate z(-2).
-1
Let h(f) = 3*f + 8. Let c(l) = -4*l - 9. Let m(d) = -5*c(d) - 6*h(d). Determine m(2).
1
Let t(j) be the third derivative of j**6/120 - j**5/10 + j**3/3 + 6*j**2. What is t(6)?
2
Let o = -5 - -3. Let w be (2/4)/(1/o). Let z be (-2 + 6)/(w + -1). Let p(v) = -v**2 - v + 2. Give p(z).
0
Let g(z) be the third derivative of -z**6/360 - z**5/20 - z**4/12 - 7*z**3/6 + 2*z**2. Let l(u) be the first derivative of g(u). Calculate l(-5).
3
Let d(t) = t - 9. Let a(p) = p**2 - p - 12. Let q be a(0). Let h be (q/(-10))/((-9)/(-30)). Let r = 1 + h. Give d(r).
-4
Let y(c) = -11*c**2 - 1. Let p(t) = -6*t**2 - 1. Let i(h) = 5*p(h) - 3*y(h). What is i(2)?
10
Let g be (-40)/12 + (-8)/3 + 3. Let x(q) = q**2 + q. Determine x(g).
6
Let k(v) = v + 2. Let h be k(3). Suppose -b = -3 - h. Suppose -3*o = -5*j - 13, -2*j - b = -5*o + 1. Let m(s) = -s**2 - 3*s - 1. Give m(j).
1
Let j be (-1)/4 + 45/20. Let c(i) = 4 - j*i - 4*i + 3*i + 2*i. Suppose -5*d = -3*o - 37, 6 = 5*d + 5*o + 1. Give c(d).
-1
Let l(c) be the third derivative of c**4/24 + c**3/3 - 5*c**2. Suppose 0 = 5*f - 21 - 4. Determine l(f).
7
Let r = -4 + 6. Let l(g) = 3*g + 5 - g + g**r - 5 - 3. Let n = -2 - -4. Determine l(n).
5
Let o(a) = -3*a**3 - 2*a**2 - a + 1. Let n(x) = x**2 + 18*x + 15. Let u be n(-17). What is o(u)?
19
Suppose -6*s + 25 = -s. Let m(t) = -2*t**2 - t**2 + 2*t**2 - s*t**3. Give m(1).
-6
Let l(h) = 4*h + 10*h**3 - h**3 - 10*h**3 + 3*h**2 + h + 2. What is l(4)?
6
Let k(n) = -n**2 - n - 1. Suppose 4*f - 7*f = 2*f. Determine k(f).
-1
Let l(v) = -3*v + 1. Suppose 0 = x - 2*y, 0 = 2*x + 3*x + 4*y - 14. Suppose -x*w + 5 = -w. Suppose 0 = p + 3 - w. Give l(p).
-5
Let x = 15 + -11. Let f(i) = -x - 4*i + 5*i + 0*i. Give f(5).
1
Let v be 7/3 + (-2)/6. Let u(k) be the second derivative of 1/12*k**4 + 0 - 2*k + 1/6*k**3 - k**2. Calculate u(v).
4
Let l(v) = -v**2 + 7*v - 6. Let a be l(4). Let p(o) be the second derivative of -o**5/20 + 7*o**4/12 - o**3 + 5*o**2/2 + 23*o. Calculate p(a).
5
Let w(a) = 6*a**2 + 5*a + 1. Let g(z) = z**2 + 5*z + 8*z**2 - 2*z**2. Let d(h) = 5*g(h) - 6*w(h). Let c be 4 - 2 - 1 - 6. Calculate d(c).
-6
Let s(x) = 3*x - 8. Let b be (6/3 - 3)*-6. Calculate s(b).
10
Let s(h) = -5*h - 1. Let m = -1 - -9. Let d(u) = 3 + m*u - u + 7*u. Let a(v) = -4*d(v) - 11*s(v). What is a(4)?
-5
Let z(m) = -6*m**2 - 4*m - 1. Let a(g) = -31*g**2 - 20*g - 6. Let y(b) = -2*a(b) + 11*z(b). Determine y(-3).
-23
Suppose 140 = h + 3*h. Let p be 115/h + 4/(-14). Let q(c) = -2*c + 1 + c + p*c**3 - c. Give q(1).
2
Let a(x) = 2*x - 3 + 3 - 2 + 3. Suppose 4*g - 22 = 3*n, -5*g + 25 = -4*n - 3. Calculate a(n).
-3
Let g(b) = -b - 3. Let o = 103 + -105. Determine g(o).
-1
Let j(x) be the first derivative of -4*x**2 + 5*x + 1. Let s(a) be the second derivative of a**3/6 - a**2/2 - 12*a. Let q(t) = 2*j(t) + 10*s(t). Calculate q(1).
-6
Let g = 77 - 86. Let d(n) = -n - 11. Determine d(g).
-2
Let z(a) = -a + 8. Let j(v) = 6*v - 40. Let m(b) = -2*j(b) - 11*z(b). Let g be 0/(1/(0 + -1)). Calculate m(g).
-8
Let j(x) = -2*x**2 + x. Let k(t) = -13*t**2 - 4*t - 5. Let p(h) = 6*j(h) - k(h). Calculate p(-10).
5
Let g(o) = 7*o**2 - 7*o - 16. Let y(h) = 3*h**2 - 4*h - 8. Let f(x) = 4*g(x) - 9*y(x). Calculate f(-7).
1
Let u = 19 - 19. Let z(y) = y + 3. What is z(u)?
3
Let a = -7 + 11. Let w(k) = 0 - a*k - k**2 + 0 - 2 - 2*k. Give w(-4).
6
Let z(f) = 14 - 4 - 2*f - 9. What is z(2)?
-3
Let o(y) = y + 3. Let g(c) = 2*c + 7. Let x(d) = 4*g(d) - 7*o(d). Calculate x(-5).
2
Let u(y) = 38*y**2 + 14. Let s(x) = 13*x**2 + 5. Let i(o) = 17*s(o) - 6*u(o). Determine i(1).
-6
Let t(y) = -y**2 - 4*y + 6. Let g(v) = -v + 8. Let h = 9 - 7. Suppose h*m = -3*j - j + 54, 4*m = -5*j + 69. Let z be g(j). Calculate t(z).
1
Let j(d) = -4*d**2 - 7*d. Let u(g) = 5*g**2 + 8*g. Let s(b) = -6*j(b) - 5*u(b). What is s(3)?
-3
Suppose 49 = 3*p + j - 2*j, -3*j - 27 = -p. Let s = p - 9. Suppose 4*u + 7 = t + 3*u, 2*t = -2*u - s. Let a(h) = h**3 - 4*h**2 + 3*h - 3. Give a(t).
-5
Let t(c) be the first derivative of -3*c**2/2 - 17. Let n be 18/4*(-2)/(-1). Suppose 0 = 4*m - n*m - 5. Calculate t(m).
3
Let i(o) = -o + 1. Let j(b) = 8*b - 1. Let g(q) = -6*i(q) - j(q). Calculate g(-4).
3
Let f(j) = 3*j**2 + 20*j - 14. Let b(g) = -2*g**2 - 18*g + 14. Let l(x) = 4*b(x) + 3*f(x). Give l(11).
3
Let w(h) be the second derivative of -h**5/20 - h**4/2 + 3*h**3/2 + 4*h**2 - 7*h. Calculate w(-7).
-6
Let h be (-1)/3 - 8/(-6). Suppose 0 = 2*q - k - 4, 0*q - 9 = -3*q + 3*k. Let m(r) = -2 + 4 + 0 - q - 7*r. Calculate m(h).
-6
Let h(w) = -w + 1. Let j(v) = 2*v. Let r(g) = -5*h(g) - j(g). Let u(a) = 0*a + 2*a - 3*a. Let z(d) = -r(d) - 5*u(d). Calculate z(-4).
-3
Suppose -2*w + 3*w + 2*k + 8 = 0, -4*w + 3 = k. Let f(p) = p - 6*p + w*p + 2*p. Let h(n) = n**3 - 10*n**2 + n - 13. Let c be h(10). Calculate f(c).
3
Let n(d) = 1 + 16*d**2 - 21*d**2 - d**3 - 2*d + 7*d. Determine n(-6).
7
Suppose -2*i - 3*b = -b, 0 = i + 4*b + 6. Let h(g) be the first derivative of -1/3*g**3 + 2*g**4 + 1/2*g**i - g + 1. What is h(1)?
7
Let u(o) = -4*o**2 + 10*o - 2. Let k = 7 + -2. Let d(b) = b**2 - b - 1. Let j(i) = k*d(i) + u(i). Give j(-5).
-7
Suppose 3*i - 4 = -13. Let z = -5 - i. Let q(a) = a**2 + 1 - 26*a - 22*a - 21*a + 72*a. Calculate q(z).
-1
Let d be 5/(-15) + (-2)/(-6). Suppose 8 + d = -2*o. Let r(y) = -y**3 - 5*y**2 - 5*y + 3. Give r(o).
7
Let a(v) = -46*v**2 - v + 1. Let f be a(1). Let u be (-12)/42 - f/14. Suppose 2*c + 3 = -u. Let n(z) = -z**3 - z**2 + 3*z - 4. Determine n(c).
5
Let o(y) be the third derivative of -y**5/60 + y**4/24 - 5*y**3/6 + 10*y**2. Give o(0).
-5
Let c(z) = -2*z + 3. Let j(a) = a + 6. Let i be j(-4). Suppose -4*g - i = -26. Give c(g).
-9
Let c(v) = -v**3 - v**2 + v - 1. Let b be 165/35 - 4/(-14). Suppose -4*q + 4*s = -0*s + 4, -b*s = -4*q - 3. What is c(q)?
1
Suppose -4*f + 56 - 36 = 0. Let d(c) = -c**3 + 5*c**2 + 2*c - 6. What is d(f)?
4
Let b(s) be the first derivative of -s**4/4 - 4*s**3/3 + s**2 - 3*s + 4. Calculate b(-4).
-11
Let u = 3 - 1. Let i(x) = x - 1. Let k(q) = 2*q - 1. Let o(f) = u*k(f) - 2*i(f). Determine o(-3).
-6
Suppose -1 = -3*t + 5. Let k(v) = -4*v**2 + v - 1. Give k(t).
-15
Let i(a) = 2*a + 3. Suppose 0 = -5*t + p + 27, t - 2*p + 9 = 3*p. Let d be 6/(-45)*t*5. What is i(d)?
-5
Let q = -20 - -20. Let z(j) = j + 6. What is z(q)?
6
Let s(t) = -14*t - 5. Let a(c) = 27*c + 9. Let q(n) = 3*a(n) + 5*s(n). Give q(-2).
-20
Let i = -6 + -1. Let y = 7 + i. Suppose y = 2*j + 2*j. Let l(c) = -c**2 - c + 6. Determine l(j).
6
Let s(r) = r - 1. Let v be s(3). Let k(m) = 5*m**v + 3*m**2 - m**3 + 6 - 4*m - 4*m. Let d be k(7). Let q(n) = 4*n**2 - n. What is q(d)?
5
Let o(y) = -y. Let b(i) = i**2 - 13*i - 2. Let n(m) = b(m) - 4*o(m). Determine n(8).
-10
Let p(s) = -s**2 - 2 + 2 + s + 1 + 1. What is p(0)?
2
Suppose 2*b = -0*b + 2. Let c(n) = 13*n**3. What is c(b)?
13
Let c(x) be the first derivative of 1/3*x**3 - 1 + 6*x - 2*x**2. What is c(4)?
6
Let h be 64/(-24)*3/(-4). Let m(x) be the first derivative of -2*x**4 - 1 + 1/3*x**3 + x**h + x. Give m(-1).
8
Let y(l) be the third derivative of -1/60*l**5 + 0*l - l**2 + 0 + 1/6*l**3 - 1/8*l**4. Let w = 10 + -14. Give y(w).
-3
Let g(v) be the first derivative of v**2/2 + 4*v + 7. Give g(-3).
1
Suppose -5*p = 13 + 12. Let q(t) = t**3 + 5*t**2 + t + 2. Let u be q(p). Let v(r) = r**2 + 4*r. Calculate v(u).
-3
Let j(b) = 7*b**2 - 17*b + 7. Let t(w) = -11*w**2 + 26*w - 11. Let o(a) = 8*j(a) + 5*t(a). Let r = -7 + -4. Let u = r - -15. Calculate o(u).
-7
Let n(g) = 10*g**3 - 1. Let j be 6/4 - (-4)/(-8). Let k = 2 - j. Let o be 10/5 - (k - 0). What is n(o)?
9
Suppose 14 = 4*y + 2. Suppose 0 = -2*d + 2, 4 + 9 = 5*a + y*d. Suppose 2*u - a = -2*s + 6*u, 3*u = -9. Let c(i) = -i + 1. Calculate c(s).
6
Let n = 45 + -45. Let t(z) = z - 7. What is t(n)?
-7
Let o(k) = -k. Let f(s) = 5*s - 3. Let n(w) = -f(w) - 3*o(w). Calculate n(4).
-5
Let k(t) = -t**3 - 7*t**2 + 7*t - 3. Let u be k(-8). Let w(v) = v**3 - 3*v**2 -